{"id":1745,"date":"2024-02-07T15:23:19","date_gmt":"2024-02-07T15:23:19","guid":{"rendered":"https:\/\/www.bmmp.lv\/pirmsskola\/?page_id=1745"},"modified":"2024-02-20T09:11:46","modified_gmt":"2024-02-20T09:11:46","slug":"muzikas-makslas-izglitibas-programmas-2","status":"publish","type":"page","link":"https:\/\/www.bmmp.lv\/muzikas\/uznemsana\/muzikas-makslas-izglitibas-programmas-2\/","title":{"rendered":"M\u016bzikas izgl\u012bt\u012bbas programmas"},"content":{"rendered":"<p>Pied\u0101v\u0101jam:<\/p>\n<p>6 profesion\u0101l\u0101s ievirzes izgl\u012bt\u012bbas programmas, kur\u0101s att\u012bst\u012bt prasmes un talantus.<\/p>\n<p>&nbsp;<\/p>\n","protected":false},"excerpt":{"rendered":"<p>Pied\u0101v\u0101jam: 6 profesion\u0101l\u0101s ievirzes izgl\u012bt\u012bbas programmas, kur\u0101s att\u012bst\u012bt prasmes un talantus. &nbsp;<\/p>\n","protected":false},"author":9,"featured_media":0,"parent":351,"menu_order":0,"comment_status":"closed","ping_status":"closed","template":"","meta":{"_acf_changed":false,"footnotes":""},"class_list":["post-1745","page","type-page","status-publish","hentry"],"acf":[],"_links":{"self":[{"href":"https:\/\/www.bmmp.lv\/muzikas\/wp-json\/wp\/v2\/pages\/1745","targetHints":{"allow":["GET"]}}],"collection":[{"href":"https:\/\/www.bmmp.lv\/muzikas\/wp-json\/wp\/v2\/pages"}],"about":[{"href":"https:\/\/www.bmmp.lv\/muzikas\/wp-json\/wp\/v2\/types\/page"}],"author":[{"embeddable":true,"href":"https:\/\/www.bmmp.lv\/muzikas\/wp-json\/wp\/v2\/users\/9"}],"replies":[{"embeddable":true,"href":"https:\/\/www.bmmp.lv\/muzikas\/wp-json\/wp\/v2\/comments?post=1745"}],"version-history":[{"count":6,"href":"https:\/\/www.bmmp.lv\/muzikas\/wp-json\/wp\/v2\/pages\/1745\/revisions"}],"predecessor-version":[{"id":1800,"href":"https:\/\/www.bmmp.lv\/muzikas\/wp-json\/wp\/v2\/pages\/1745\/revisions\/1800"}],"up":[{"embeddable":true,"href":"https:\/\/www.bmmp.lv\/muzikas\/wp-json\/wp\/v2\/pages\/351"}],"wp:attachment":[{"href":"https:\/\/www.bmmp.lv\/muzikas\/wp-json\/wp\/v2\/media?parent=1745"}],"curies":[{"name":"wp","href":"https:\/\/api.w.org\/{rel}","templated":true}]}}